he remainder when 8340 is divided by 240?
180
What is the remainder when 263448 is divided by 11?
9
Calculate the remainder when 1261973 is divided by 25.
23
What is the remainder when 7162181 is divided by 11917?
64
What is the remainder when 549294 is divided by 91549?
0
Calculate the remainder when 1512542 is divided by 1192.
1086
Calculate the remainder when 186410635 is divided by 624.
619
Calculate the remainder when 1666498 is divided by 833239.
20
What is the remainder when 259079 is divided by 64752?
71
Calculate the remainder when 13647924 is divided by 3838.
3834
What is the remainder when 1446133 is divided by 580?
193
Calculate the remainder when 3525354 is divided by 2577.
18
What is the remainder when 1582140 is divided by 249?
243
What is the remainder when 1269299 is divided by 144?
83
Calculate the remainder when 563315 is divided by 7721.
7403
Calculate the remainder when 624416 is divided by 113.
91
What is the remainder when 156799275 is divided by 18?
15
What is the remainder when 4083 is divided by 1664?
755
What is the remainder when 77156 is divided by 2755?
16
Calculate the remainder when 38348 is divided by 3481.
57
What is the remainder when 80277 is divided by 11343?
876
What is the remainder when 2136014 is divided by 711511?
1481
Calculate the remainder when 318072 is divided by 4020.
492
Calculate the remainder when 8698465 is divided by 1087300.
65
What is the remainder when 1782792 is divided by 7131?
42
Calculate the remainder when 21951117 is divided by 10.
7
What is the remainder when 1576663 is divided by 7?
4
What is the remainder when 4496753 is divided by 1433?
1432
Calculate the remainder when 241109647 is divided by 1369.
1367
What is the remainder when 118354321 is divided by 115920?
1
What is the remainder when 410454 is divided by 5472?
54
What is the remainder when 1609760 is divided by 248?
240
What is the remainder when 401571 is divided by 133856?
3
What is the remainder when 299324 is divided by 483?
347
What is the remainder when 132272 is divided by 728?
504
What is the remainder when 7908445 is divided by 103?
2
Calculate the remainder when 36002868 is divided by 4333.
4304
Calculate the remainder when 875630 is divided by 15097.
4
What is the remainder when 2953576 is divided by 2668?
100
Calculate the remainder when 714542 is divided by 89275.
342
Calculate the remainder when 25661 is divided by 1339.
220
Calculate the remainder when 3320850 is divided by 36.
30
What is the remainder when 928902 is divided by 5248?
6
What is the remainder when 21118173 is divided by 219?
3
Calculate the remainder when 248581 is divided by 3878.
389
Calculate the remainder when 673675 is divided by 1723.
1705
What is the remainder when 131660 is divided by 149?
93
What is the remainder when 3455462 is divided by 1727634?
194
What is the remainder when 31490156 is divided by 199?
197
What is the remainder when 262015 is divided by 677?
16
What is the remainder when 1078641015 is divided by 147?
144
What is the remainder when 243177 is divided by 3533?
2933
Calculate the remainder when 74476 is divided by 18614.
20
Calculate the remainder when 778716 is divided by 280.
36
Calculate the remainder when 258908037 is divided by 8.
5
Calculate the remainder when 844345 is divided by 343.
222
Calculate the remainder when 9694145 is divided by 17.
14
Calculate the remainder when 25489802 is divided by 551.
542
Calculate the remainder when 4209511 is divided by 43397.
2
What is the remainder when 4247163 is divided by 65?
63
Calculate the remainder when 81404398 is divided by 25.
23
Calculate the remainder when 2634698 is divided by 67556.
14
What is the remainder when 4414368 is divided by 1721?
3
What is the remainder when 11534 is divided by 1647?
5
Calculate the remainder when 1174136 is divided by 36681.
344
What is the remainder when 79989 is divided by 15736?
1309
Calculate the remainder when 7276597 is divided by 3784.
3749
What is the remainder when 6976064 is divided by 113?
9
Calculate the remainder when 4655223 is divided by 931038.
33
What is the remainder when 751778 is divided by 31?
28
Calculate the remainder when 32552811 is divided by 4650395.
46
Calculate the remainder when 2404 is divided by 948.
508
What is the remainder when 33589565 is divided by 663?
659
Calculate the remainder when 29215 is divided by 1264.
143
Calculate the remainder when 828641 is divided by 102.
95
Calculate the remainder when 191432 is divided by 47850.
32
Calculate the remainder when 868993 is divided by 217211.
149
What is the remainder when 622208 is divided by 4444?
48
Calculate the remainder when 85194 is divided by 3984.
1530
What is the remainder when 571351 is divided by 188035?
7246
Calculate the remainder when 3432507 is divided by 49746.
33
What is the remainder when 126673 is divided by 277?
84
What is the remainder when 940053 is divided by 188009?
8
Calculate the remainder when 124676073 is divided by 84.
81
What is the remainder when 61399 is divided by 170?
29
What is the remainder when 1713044 is divided by 345?
119
What is the remainder when 915802908 is divided by 166?
164
Calculate the remainder when 1164788624 is divided by 11235.
11234
Calculate the remainder when 183401 is divided by 17.
5
Calculate the remainder when 2026558 is divided by 155888.
14
Calculate the remainder when 315510 is divided by 1160.
1150
What is the remainder when 2397392 is divided by 11359?
643
What is the remainder when 7151523 is divided by 3108?
15
Calculate the remainder when 207363995 is divided by 11766.
11
What is the remainder when 11020240 is divided by 80?
0
What is the remainder when 143195 is divided by 1318?
851
What is the remainder when 2322187 is divided by 143?
10
Calculate the remainder when 7435998 is divided by 74.
34
Calculate the remainder when 866751 is divided by 86668.
71
Calculate the remainder when 8473762 is divided by 12263.
29
Calculate the remainder when 107872 is divided by 107712.
160
What is the remainder when 449383 is divided by 19491?
1090
What is the remainder when 89169290 is divided by 49?
21
Calculate the remainder when 487514 is divided by 18050.
164
Calculate the remainder when 142510345 is divided by 47503445.
10
Calculate the remainder when 533529 is divided by 19012.
1193
Calculate the remainder when 23647457 is divided by 2364732.
137
What is the remainder when 325022 is divided by 53178?
5954
What is the remainder when 13728904 is divided by 342?
340
What is the remainder when 69387 is divided by 1061?
422
Calculate the remainder when 1386882 is divided by 346715.
22
What is the remainder when 5660322 is divided by 8872?
8858
Calculate the remainder when 331118 is divided by 1.
0
Calculate the remainder when 2740057 is divided by 233.
210
Calculate the remainder when 14879960 is divided by 890.
50
Calculate the remainder when 4195790 is divided by 599397.
11
What is the remainder when 9800707 is divided by 5026?
7
What is the remainder when 43501 is divided by 65?
16
Calculate the remainder when 105742 is divided by 932.
426
What is the remainder when 599764 is divided by 99957?
22
What is the remainder when 155220 is divided by 5174?
0
Calculate the remainder when 39004 is divided by 18512.
1980
Calculate the remainder when 13490524 is divided by 2386.
80
What is the remainder when 9926 is divided by 1407?
77
Calculate the remainder when 242750 is divided by 658.
606
Calculate the remainder when 7967233 is divided by 1289.
1213
What is the remainder when 18183 is divided by 587?
573
What is the remainder when 5269 is divided by 5154?
115
Calculate the remainder when 4326081 is divided by 938.
25
Calculate the remainder when 2537 is divided by 105.
17
Calculate the remainder when 8359 is divided by 19.
18
Calculate the remainder when 215900 is divided by 3854.
76
What is the remainder when 8085527 is divided by 498?
497
What is the remainder when 2903954 is divided by 9945?
14
Calculate the remainder when 9984773 is divided by 7.
1
Calculate the remainder when 43936581 is divided by 123.
120
What is the remainder when 8329357 is divided by 1123?
66
What is the remainder when 3289063 is divided by 1096354?
1
What is the remainder when 167750511 is divided by 337?
336
What 